{"id":1231,"date":"2022-06-20T22:11:56","date_gmt":"2022-06-20T22:11:56","guid":{"rendered":"https:\/\/homeroller.cl\/?page_id=1231"},"modified":"2024-03-21T15:47:16","modified_gmt":"2024-03-21T15:47:16","slug":"sobre-nosotros","status":"publish","type":"page","link":"https:\/\/modernia.cl\/index.php\/sobre-nosotros\/","title":{"rendered":"Sobre Nosotros"},"content":{"rendered":"\t\t<div data-elementor-type=\"wp-page\" data-elementor-id=\"1231\" class=\"elementor elementor-1231\" data-elementor-post-type=\"page\">\n\t\t\t\t\t\t<section class=\"elementor-section elementor-top-section elementor-element elementor-element-259f15fd elementor-section-boxed elementor-section-height-default elementor-section-height-default\" data-id=\"259f15fd\" data-element_type=\"section\" data-e-type=\"section\" data-settings=\"{&quot;jet_parallax_layout_list&quot;:[]}\">\n\t\t\t\t\t\t<div class=\"elementor-container elementor-column-gap-default\">\n\t\t\t\t\t<div class=\"elementor-column elementor-col-50 elementor-top-column elementor-element elementor-element-6c5fb88b\" data-id=\"6c5fb88b\" data-element_type=\"column\" data-e-type=\"column\">\n\t\t\t<div class=\"elementor-widget-wrap elementor-element-populated\">\n\t\t\t\t\t\t<div class=\"elementor-element elementor-element-64d8634 elementor-widget elementor-widget-image\" data-id=\"64d8634\" data-element_type=\"widget\" data-e-type=\"widget\" data-widget_type=\"image.default\">\n\t\t\t\t<div class=\"elementor-widget-container\">\n\t\t\t\t\t\t\t\t\t\t\t\t\t\t\t<img fetchpriority=\"high\" decoding=\"async\" width=\"800\" height=\"800\" src=\"https:\/\/modernia.cl\/wp-content\/uploads\/2024\/03\/2.1.png\" class=\"attachment-large size-large wp-image-2265\" alt=\"\" srcset=\"https:\/\/modernia.cl\/wp-content\/uploads\/2024\/03\/2.1.png 993w, https:\/\/modernia.cl\/wp-content\/uploads\/2024\/03\/2.1-300x300.png 300w, https:\/\/modernia.cl\/wp-content\/uploads\/2024\/03\/2.1-150x150.png 150w, https:\/\/modernia.cl\/wp-content\/uploads\/2024\/03\/2.1-768x768.png 768w\" sizes=\"(max-width: 800px) 100vw, 800px\" \/>\t\t\t\t\t\t\t\t\t\t\t\t\t\t\t<\/div>\n\t\t\t\t<\/div>\n\t\t\t\t\t<\/div>\n\t\t<\/div>\n\t\t\t\t<div class=\"elementor-column elementor-col-50 elementor-top-column elementor-element elementor-element-d378e57\" data-id=\"d378e57\" data-element_type=\"column\" data-e-type=\"column\">\n\t\t\t<div class=\"elementor-widget-wrap elementor-element-populated\">\n\t\t\t\t\t\t<div class=\"elementor-element elementor-element-8021113 elementor-widget elementor-widget-heading\" data-id=\"8021113\" data-element_type=\"widget\" data-e-type=\"widget\" data-widget_type=\"heading.default\">\n\t\t\t\t<div class=\"elementor-widget-container\">\n\t\t\t\t\t<h2 class=\"elementor-heading-title elementor-size-default\">BIENVENIDOS A MODERNIA<\/h2>\t\t\t\t<\/div>\n\t\t\t\t<\/div>\n\t\t\t\t<div class=\"elementor-element elementor-element-595c747f elementor-widget elementor-widget-text-editor\" data-id=\"595c747f\" data-element_type=\"widget\" data-e-type=\"widget\" data-widget_type=\"text-editor.default\">\n\t\t\t\t<div class=\"elementor-widget-container\">\n\t\t\t\t\t\t\t\t\t<p>Somos especialistas en confeccionar y fabricar cortinas tipo Roller y Verticales de exterior, Ventanas Termopanel, Puertas Protex de Cristal, y Tabiquer\u00eda en Aluminio a la medida y al gusto de cada cliente<\/p>\t\t\t\t\t\t\t\t<\/div>\n\t\t\t\t<\/div>\n\t\t\t\t<div class=\"elementor-element elementor-element-d311228 elementor-widget elementor-widget-text-editor\" data-id=\"d311228\" data-element_type=\"widget\" data-e-type=\"widget\" data-widget_type=\"text-editor.default\">\n\t\t\t\t<div class=\"elementor-widget-container\">\n\t\t\t\t\t\t\t\t\t\n<p>Estamos preocupados de asesorarte personalmente en todos tus proyectos, tanto de tu hogar y oficina.<\/p>\n\n<p>Queremos brindarte las m\u00e1s oportunas y mejores soluciones en dise\u00f1o, precio y calidad.<\/p>\n\n<p>Con todos nuestros productos lograr\u00e1 personalizar sus espacios, siempre con nuestro apoyo y orientaci\u00f3n para que tome la mejor decisi\u00f3n y logre tener su lugar favorito \u00fanico y exclusivo.<\/p>\n\n<p>\u00a0<\/p>\n\t\t\t\t\t\t\t\t<\/div>\n\t\t\t\t<\/div>\n\t\t\t\t\t<\/div>\n\t\t<\/div>\n\t\t\t\t\t<\/div>\n\t\t<\/section>\n\t\t\t\t<\/div>\n\t\t","protected":false},"excerpt":{"rendered":"<p>BIENVENIDOS A MODERNIA Somos especialistas en confeccionar y fabricar cortinas tipo Roller y Verticales de exterior, Ventanas Termopanel, Puertas Protex de Cristal, y Tabiquer\u00eda en Aluminio a la medida y al gusto de cada cliente Estamos preocupados de asesorarte personalmente en todos tus proyectos, tanto de tu hogar y oficina. Queremos brindarte las m\u00e1s oportunas [&hellip;]<\/p>\n","protected":false},"author":2,"featured_media":2263,"parent":0,"menu_order":0,"comment_status":"closed","ping_status":"closed","template":"","meta":{"footnotes":""},"class_list":["post-1231","page","type-page","status-publish","has-post-thumbnail","hentry"],"_links":{"self":[{"href":"https:\/\/modernia.cl\/index.php\/wp-json\/wp\/v2\/pages\/1231","targetHints":{"allow":["GET"]}}],"collection":[{"href":"https:\/\/modernia.cl\/index.php\/wp-json\/wp\/v2\/pages"}],"about":[{"href":"https:\/\/modernia.cl\/index.php\/wp-json\/wp\/v2\/types\/page"}],"author":[{"embeddable":true,"href":"https:\/\/modernia.cl\/index.php\/wp-json\/wp\/v2\/users\/2"}],"replies":[{"embeddable":true,"href":"https:\/\/modernia.cl\/index.php\/wp-json\/wp\/v2\/comments?post=1231"}],"version-history":[{"count":45,"href":"https:\/\/modernia.cl\/index.php\/wp-json\/wp\/v2\/pages\/1231\/revisions"}],"predecessor-version":[{"id":2348,"href":"https:\/\/modernia.cl\/index.php\/wp-json\/wp\/v2\/pages\/1231\/revisions\/2348"}],"wp:featuredmedia":[{"embeddable":true,"href":"https:\/\/modernia.cl\/index.php\/wp-json\/wp\/v2\/media\/2263"}],"wp:attachment":[{"href":"https:\/\/modernia.cl\/index.php\/wp-json\/wp\/v2\/media?parent=1231"}],"curies":[{"name":"wp","href":"https:\/\/api.w.org\/{rel}","templated":true}]}}